{"id":107,"date":"2017-05-01T11:26:33","date_gmt":"2017-05-01T11:26:33","guid":{"rendered":"http:\/\/rossini-boostedt.de\/?page_id=107"},"modified":"2025-10-31T23:00:14","modified_gmt":"2025-10-31T23:00:14","slug":"pasta","status":"publish","type":"page","link":"http:\/\/rossini-boostedt.de\/?page_id=107","title":{"rendered":"Pasta"},"content":{"rendered":"\n<p>Achtung\u26d4\ufe0f!!!Preise ab dem 01.11.2025 aktualisiert.<\/p>\n\n\n<p><strong>Spaghetti<sup>(a,c)<\/sup><\/strong> \u00a0\u00a0\u00a0\u00a0\u00a0\u00a0\u00a0 (Wir verwenden f\u00fcr alle Saucen Rinder-\/Lammhack <sup>(i,k), <\/sup>)Hacksauce mit Knoblauch.<\/p>\n<p>86 Spaghetti Carbonara\u00a0 <strong>12,<\/strong><strong>90\u20ac<\/strong><\/p>\n<p style=\"padding-left: 30px;\">mit Eigelb, Schinken <sup>(2,3,4,15)<\/sup> und Sahnesauce <sup>(g)<\/sup><\/p>\n<p>87 Spaghetti Bolognese\u00a0 <strong>11,<\/strong><strong>90\u20ac<\/strong><\/p>\n<p style=\"padding-left: 30px;\">mit Hackfleischsauce <sup>(i,k)<\/sup> und Parmesan <sup>(a)<\/sup><\/p>\n<p>88 Spaghetti Verdura\u00a0 <strong>12,<\/strong><strong>90<\/strong><strong>\u20ac<\/strong><\/p>\n<p style=\"padding-left: 30px;\">mit versch. Gem\u00fcse in Tomaten-Sahnesauce <sup>(g)<\/sup><\/p>\n<p>89 Spaghetti La Tanur \u00a0<strong>13,<\/strong><strong>90\u20ac<\/strong><\/p>\n<p style=\"padding-left: 30px;\">mit Hackfleischsauce <sup>(i,k)<\/sup> und K\u00e4se <sup>(g)<\/sup> \u00fcberbacken<\/p>\n<p>90 Spaghetti Brokkoli \u00a0<strong>12,<\/strong><strong>90\u20ac<\/strong><\/p>\n<p style=\"padding-left: 30px;\">mit Brokkoli und Champignons in Tomaten-Sahnesauce <sup>(g)<\/sup><\/p>\n<p>91 Spaghetti Milano \u00a0<strong>13,<\/strong><strong>90\u20ac<\/strong><\/p>\n<p style=\"padding-left: 30px;\">gebratene Spaghetti, Schinkenstreifen <sup>(2,3,4,15)<\/sup>, Paprika, Ei und K\u00e4se <sup>(g)<\/sup> \u00fcberbacken<\/p>\n<p>92 Spaghetti Marinara \u00a0<strong>15,<\/strong><strong>90\u20ac<\/strong><\/p>\n<p style=\"padding-left: 30px;\">mit Meeresfr\u00fcchten in Tomaten-Sahnesauce <sup>(g)<\/sup><\/p>\n<p style=\"padding-left: 30px;\">\u00a0<\/p>\n<p>94 Spaghetti Hawaii \u00a0<strong>13,<\/strong><strong>90\u20ac<\/strong><\/p>\n<p style=\"padding-left: 30px;\">mit Schinken, Ananas in Sahnesauce und K\u00e4se g \u00fcberbacken<\/p>\n<p style=\"padding-left: 30px;\"><strong>Makkaroni(a,c)<\/strong><\/p>\n<p>95 Makkaroni Sahne\u00a0 <strong>11,<\/strong><strong>90\u20ac<\/strong><\/p>\n<p style=\"padding-left: 30px;\">mit Schinken 2 3 4 15 in Sahnesauce g<\/p>\n<p>96 Makkaroni Hack <strong>11,<\/strong><strong>90\u20ac<\/strong><\/p>\n<p style=\"padding-left: 30px;\">mit Hackfleischsauce i,k<\/p>\n<p>97 Makkaroni Brokkoli \u00a0<strong>13,<\/strong><strong>90\u20ac<\/strong><\/p>\n<p style=\"padding-left: 30px;\">mit Brokkoli, fr. Tomaten Sahne g und Sauce Hollandaise a,c,g,i K\u00e4se g<\/p>\n<p>98 Makkaroni Migelle \u00a0<strong>13,<\/strong><strong>90\u20ac<\/strong><\/p>\n<p style=\"padding-left: 30px;\">mit Spinat, fr. Champignons, Zwiebeln, Kr\u00e4uter-Sahnesauce g, mit K\u00e4se g \u00fcberbacken, dazu 1\/4 Brot(a)<\/p>\n<p style=\"padding-left: 30px;\"><strong>Tortellini(a,c,16)\u00a0 ( alle Tortellinis sind mit Rind- und Lammfleisch gef\u00fcllt)<\/strong><\/p>\n<p>101 Tortellini a la panna \u00a0<strong>12,<\/strong><strong>90\u20ac<\/strong><\/p>\n<p style=\"padding-left: 30px;\">mit Schinken (2 3 4 15)\u00a0 in Sahnesauce g<\/p>\n<p>102 Tortellini la Tanur \u00a0<strong>14,90\u20ac<\/strong><\/p>\n<p style=\"padding-left: 30px;\">mit Hackfleischsauce i,k, Erbsen und K\u00e4se g \u00fcberbacken<\/p>\n<p>103 Tortellini Brokkoli \u00a0<strong>13,<\/strong><b>90\u20ac<\/b><\/p>\n<p style=\"padding-left: 30px;\">mit Brokkoli und Champignons in Tomaten-Sahnesauce<\/p>\n<p style=\"padding-left: 30px;\">104 Tortellini Napoli \u00a0<strong>12,<\/strong><strong>90\u20ac<\/strong><\/p>\n<p style=\"padding-left: 30px;\">in Tomaten-Sahnesauce g\u00a0<\/p>\n<p style=\"padding-left: 30px;\"><strong>Tagliatelle(a,c)<\/strong><\/p>\n<p>105 Tagliatelle \u00a0<strong>13,<\/strong><b>90\u20ac<\/b><\/p>\n<p style=\"padding-left: 30px;\">mit Putenfleisch i,k, fr. Champignons in Kr\u00e4uter-Sahnesauce g und K\u00e4se g \u00fcberbacken<\/p>\n<p>107 Tagliatelle al Forno \u00a0<strong>14,<\/strong><b>90\u20ac<\/b><\/p>\n<p style=\"padding-left: 30px;\">mit Schinken, fr. Champignons, Erbsen, Hackfleisch-Sahnesauce i,k und K\u00e4se g \u00fcberbacken<\/p>\n<p style=\"padding-left: 30px;\"><strong>Lasagne<\/strong><\/p>\n<p>108 Lasagne \u00a0<strong>14,<\/strong><strong>90\u20ac<\/strong><\/p>\n<p style=\"padding-left: 30px;\">mit Hackfleischsauce i,k und K\u00e4se g \u00fcberbacken<\/p>\n<p>109 Lasagne Verdura \u00a0<strong>14,<\/strong><b>90\u20ac<\/b><\/p>\n<p style=\"padding-left: 30px;\">mit Spinat, Weissk\u00e4se g, Kr\u00e4utersauce g und K\u00e4se g \u00fcberbacken dazu 1\/4 Brot a<\/p>\n<p style=\"padding-left: 30px;\"><strong>Nudelpfannen<\/strong><\/p>\n<p>111 Nudelpfanne Hack\u00a0<strong>14,<\/strong><strong>90\u20ac<\/strong><\/p>\n<p>mit Tortellini a,c Spaghetti a,c Makkaroni a,Lasagne a,c, fr.Champignons, Hackfleischsauce i,k und K\u00e4se g \u00fcberbacken<\/p>\n<p>112 Nudelpfanne Spezial\u00a0\u00a0<strong>14,<\/strong><strong>90\u20ac<\/strong><\/p>\n<p>mit Tortellini a,c, Spaghetti a,c, Makkaroni a,c, Schinken (2,3,4,15), Champignons in Sahnesauce g und K\u00e4se g \u00fcberbacken, dazu 1\/4 Brot a<\/p>\n<ul>\n<li>113 Indische Nudelpfanne \u00a0<strong>14,<\/strong><strong>90\u20ac<\/strong><\/li>\n<\/ul>\n<p>mit Pute i,k,Brokkoli, fr.Champignons, Paprika, Mais, Zwiebeln, in Tomatensahnesauce und K\u00e4se g \u00fcberbacken, Currypulver<\/p>\n<p><span style=\"color: #ff0000;\">Extra K\u00e4se (g) zum \u00dcberbacken der Gerichte kostet 3,00\u20ac extra.Tortellini und Bandnudeln kosten 1\u20ac extra (auch beim Tauschen).<\/span><\/p>","protected":false},"excerpt":{"rendered":"<p>Achtung\u26d4\ufe0f!!!Preise ab dem 01.11.2025 aktualisiert. Spaghetti(a,c) \u00a0\u00a0\u00a0\u00a0\u00a0\u00a0\u00a0 (Wir verwenden f\u00fcr alle Saucen Rinder-\/Lammhack (i,k), )Hacksauce mit Knoblauch. 86 Spaghetti Carbonara\u00a0 12,90\u20ac mit Eigelb, Schinken (2,3,4,15) und Sahnesauce (g) 87 Spaghetti Bolognese\u00a0 11,90\u20ac mit Hackfleischsauce (i,k) und Parmesan (a) 88 Spaghetti Verdura\u00a0 12,90\u20ac mit versch. Gem\u00fcse in Tomaten-Sahnesauce (g) 89 Spaghetti La Tanur \u00a013,90\u20ac mit Hackfleischsauce&#8230; <\/p>\n<div class=\"link-more\"><a href=\"http:\/\/rossini-boostedt.de\/?page_id=107\">Read More<\/a><\/div>\n","protected":false},"author":1,"featured_media":0,"parent":0,"menu_order":0,"comment_status":"closed","ping_status":"closed","template":"","meta":[],"_links":{"self":[{"href":"http:\/\/rossini-boostedt.de\/index.php?rest_route=\/wp\/v2\/pages\/107"}],"collection":[{"href":"http:\/\/rossini-boostedt.de\/index.php?rest_route=\/wp\/v2\/pages"}],"about":[{"href":"http:\/\/rossini-boostedt.de\/index.php?rest_route=\/wp\/v2\/types\/page"}],"author":[{"embeddable":true,"href":"http:\/\/rossini-boostedt.de\/index.php?rest_route=\/wp\/v2\/users\/1"}],"replies":[{"embeddable":true,"href":"http:\/\/rossini-boostedt.de\/index.php?rest_route=%2Fwp%2Fv2%2Fcomments&post=107"}],"version-history":[{"count":19,"href":"http:\/\/rossini-boostedt.de\/index.php?rest_route=\/wp\/v2\/pages\/107\/revisions"}],"predecessor-version":[{"id":882,"href":"http:\/\/rossini-boostedt.de\/index.php?rest_route=\/wp\/v2\/pages\/107\/revisions\/882"}],"wp:attachment":[{"href":"http:\/\/rossini-boostedt.de\/index.php?rest_route=%2Fwp%2Fv2%2Fmedia&parent=107"}],"curies":[{"name":"wp","href":"https:\/\/api.w.org\/{rel}","templated":true}]}}