{"id":134,"date":"2017-05-01T11:55:52","date_gmt":"2017-05-01T11:55:52","guid":{"rendered":"http:\/\/rossini-boostedt.de\/?page_id=134"},"modified":"2025-10-31T22:52:57","modified_gmt":"2025-10-31T22:52:57","slug":"kleinigkeiten","status":"publish","type":"page","link":"http:\/\/rossini-boostedt.de\/?page_id=134","title":{"rendered":"Kleinigkeiten"},"content":{"rendered":"\n<p> Achtung!!!Preise ab dem 01.11.2025 aktualisiert.<\/p>\n\n\n\n<p><\/p>\n\n\n\n<p><\/p>\n\n\n\n<p><\/p>\n\n\n\n<p><\/p>\n\n\n\n<p><\/p>\n\n\n\n<p><\/p>\n\n\n\n<p><\/p>\n\n\n<p>118 Toast Hawaii\u00a0 <strong>9,<\/strong><strong>90\u20ac<\/strong><\/p>\n<p style=\"padding-left: 30px;\">2 St\u00fcck mit Ananas, Schinken <sup>(2,3,4,15)<\/sup> K\u00e4se <sup>(g)<\/sup> \u00fcberbacken dazu Salatbeilage<\/p>\n<p>119 Pommes frites \u00a0<strong>3,90\u20ac <\/strong><span style=\"font-size: revert;\">Portion<\/span><\/p>\n<p>1191 Beilagenpommes\u00a0<strong>2,80\u20ac <\/strong>Portion<\/p>\n<p>120 Kroketten \u00a0<strong>3,90\u20ac <\/strong><span style=\"font-size: revert;\">Portion<\/span><\/p>\n<p>121 Bratkartoffeln <strong>5,90<\/strong><\/p>\n<p><span style=\"font-size: revert;\">.122 \u00a0Ketchup <\/span><sup>(2,3,11,12)<\/sup><span style=\"font-size: revert;\">\u00a0 <\/span><strong style=\"font-size: revert;\">1,00\u20ac\u00a0<\/strong><span style=\"font-size: revert;\">Schale<\/span><\/p>\n<p>123 Mayonaise <sup>(1,3,11,c,k)<\/sup> <strong>1,00\u20ac\u00a0<\/strong><span style=\"font-size: revert;\">Schale<\/span><\/p>","protected":false},"excerpt":{"rendered":"<p>Achtung!!!Preise ab dem 01.11.2025 aktualisiert. 118 Toast Hawaii\u00a0 9,90\u20ac 2 St\u00fcck mit Ananas, Schinken (2,3,4,15) K\u00e4se (g) \u00fcberbacken dazu Salatbeilage 119 Pommes frites \u00a03,90\u20ac Portion 1191 Beilagenpommes\u00a02,80\u20ac Portion 120 Kroketten \u00a03,90\u20ac Portion 121 Bratkartoffeln 5,90 .122 \u00a0Ketchup (2,3,11,12)\u00a0 1,00\u20ac\u00a0Schale 123 Mayonaise (1,3,11,c,k) 1,00\u20ac\u00a0Schale<\/p>\n","protected":false},"author":1,"featured_media":0,"parent":0,"menu_order":0,"comment_status":"closed","ping_status":"closed","template":"","meta":[],"_links":{"self":[{"href":"http:\/\/rossini-boostedt.de\/index.php?rest_route=\/wp\/v2\/pages\/134"}],"collection":[{"href":"http:\/\/rossini-boostedt.de\/index.php?rest_route=\/wp\/v2\/pages"}],"about":[{"href":"http:\/\/rossini-boostedt.de\/index.php?rest_route=\/wp\/v2\/types\/page"}],"author":[{"embeddable":true,"href":"http:\/\/rossini-boostedt.de\/index.php?rest_route=\/wp\/v2\/users\/1"}],"replies":[{"embeddable":true,"href":"http:\/\/rossini-boostedt.de\/index.php?rest_route=%2Fwp%2Fv2%2Fcomments&post=134"}],"version-history":[{"count":17,"href":"http:\/\/rossini-boostedt.de\/index.php?rest_route=\/wp\/v2\/pages\/134\/revisions"}],"predecessor-version":[{"id":879,"href":"http:\/\/rossini-boostedt.de\/index.php?rest_route=\/wp\/v2\/pages\/134\/revisions\/879"}],"wp:attachment":[{"href":"http:\/\/rossini-boostedt.de\/index.php?rest_route=%2Fwp%2Fv2%2Fmedia&parent=134"}],"curies":[{"name":"wp","href":"https:\/\/api.w.org\/{rel}","templated":true}]}}