{"id":119,"date":"2017-05-01T11:22:35","date_gmt":"2017-05-01T11:22:35","guid":{"rendered":"http:\/\/rossini-boostedt.de\/?page_id=119"},"modified":"2025-10-31T23:51:54","modified_gmt":"2025-10-31T23:51:54","slug":"info","status":"publish","type":"page","link":"https:\/\/rossini-boostedt.de\/?page_id=119","title":{"rendered":"Info"},"content":{"rendered":"\n<p class=\"has-text-align-left has-x-large-font-size\">Bei uns ist <strong>keine<\/strong> Kartenzahlung m\u00f6glich.<\/p>\n\n\n\n<p class=\"has-large-font-size\"><strong>Jetzt auch Mobil erreichbar: 0163-845 3617<\/strong><\/p>\n\n\n\n<h1 class=\"wp-block-heading\"><span style=\"color: #ff0000;\">Achtung!! Achtung!! Achtung!!<\/span><\/h1>\n\n\n\n<h1 class=\"wp-block-heading\">25 Jahre Rossini (2000-2025)<\/h1>\n\n\n\n<p><\/p>\n\n\n\n<p><\/p>\n\n\n\n<p class=\"has-text-align-center has-large-font-size\"><strong>Aktuelle Preise seit dem 01.11.2025.<\/strong><\/p>\n\n\n\n<h1 class=\"wp-block-heading\"><\/h1>\n\n\n\n<p><\/p>\n\n\n\n<p><\/p>\n\n\n\n<p>Bitte beachten Sie das ab sofort<span style=\"color: #ff0000;\"> kein Schweinefleisch<\/span> mehr serviert wird, nur noch Rind- oder Gefl\u00fcgelfleisch.<\/p>\n\n\n\n<p>Unsere<span style=\"color: #ff0000;\"> Pizzen<\/span> haben wir nur noch in<span style=\"color: #ff0000;\"> 2 Gr\u00f6\u00dfen <\/span> (medium und gro\u00df). Damit wir auch weiterhin unsere Gerichte m\u00f6glichst g\u00fcnstig an Sie abgeben k\u00f6nnen, sparen wir uns dadurch die zus\u00e4tzliche Vorbereitungszeit.<\/p>\n\n\n\n<p>Wir bieten aus Platzmangel im Ofen keine Partypizzen mehr an.<\/p>\n\n\n\n<p>Die Nachfrage nach unserem <span style=\"color: #ff0000;\">hausgemachten Zaziki<\/span> und unserem <span style=\"color: #ff0000;\">Kr\u00e4uterbrot<\/span> ist leider nicht mehr so stark vorhanden und deswegen bieten wir diese ab sofort nicht mehr an.<\/p>\n\n\n\n<p>Wir hoffen auf Ihr Verst\u00e4ndnis und freuen uns auf die n\u00e4chsten<span style=\"color: #ff0000;\"> 25 Jahre<\/span>.<\/p>\n\n\n\n<p>Ihr Rossini-Team<\/p>\n","protected":false},"excerpt":{"rendered":"<p>Bei uns ist keine Kartenzahlung m\u00f6glich. Jetzt auch Mobil erreichbar: 0163-845 3617 Achtung!! Achtung!! Achtung!! 25 Jahre Rossini (2000-2025) Aktuelle Preise seit dem 01.11.2025. Bitte beachten Sie das ab sofort kein Schweinefleisch mehr serviert wird, nur noch Rind- oder Gefl\u00fcgelfleisch. Unsere Pizzen haben wir nur noch in 2 Gr\u00f6\u00dfen (medium und gro\u00df). Damit wir auch&#8230; <\/p>\n<div class=\"link-more\"><a href=\"https:\/\/rossini-boostedt.de\/?page_id=119\">Read More<\/a><\/div>\n","protected":false},"author":1,"featured_media":0,"parent":0,"menu_order":0,"comment_status":"closed","ping_status":"closed","template":"","meta":[],"_links":{"self":[{"href":"https:\/\/rossini-boostedt.de\/index.php?rest_route=\/wp\/v2\/pages\/119"}],"collection":[{"href":"https:\/\/rossini-boostedt.de\/index.php?rest_route=\/wp\/v2\/pages"}],"about":[{"href":"https:\/\/rossini-boostedt.de\/index.php?rest_route=\/wp\/v2\/types\/page"}],"author":[{"embeddable":true,"href":"https:\/\/rossini-boostedt.de\/index.php?rest_route=\/wp\/v2\/users\/1"}],"replies":[{"embeddable":true,"href":"https:\/\/rossini-boostedt.de\/index.php?rest_route=%2Fwp%2Fv2%2Fcomments&post=119"}],"version-history":[{"count":34,"href":"https:\/\/rossini-boostedt.de\/index.php?rest_route=\/wp\/v2\/pages\/119\/revisions"}],"predecessor-version":[{"id":904,"href":"https:\/\/rossini-boostedt.de\/index.php?rest_route=\/wp\/v2\/pages\/119\/revisions\/904"}],"wp:attachment":[{"href":"https:\/\/rossini-boostedt.de\/index.php?rest_route=%2Fwp%2Fv2%2Fmedia&parent=119"}],"curies":[{"name":"wp","href":"https:\/\/api.w.org\/{rel}","templated":true}]}}