{"id":4,"date":"2016-12-19T19:48:15","date_gmt":"2016-12-19T19:48:15","guid":{"rendered":"http:\/\/rossini-boostedt.de\/?page_id=4"},"modified":"2025-12-19T19:29:37","modified_gmt":"2025-12-19T19:29:37","slug":"willkommen","status":"publish","type":"page","link":"https:\/\/rossini-boostedt.de\/","title":{"rendered":"Willkommen"},"content":{"rendered":"<ul>\n<li><strong>Tel. (04393) 972277,9797718+9797717<\/strong><\/li>\n<\/ul>\n<h1>\u00a0<span style=\"text-decoration: underline;\"><strong>Mobil: 0163-845 3617<\/strong><\/span><\/h1>\n<p>Ge\u00e4nderte \u00d6ffnungszeiten f\u00fcr die Feiertage 2025<\/p>\n<p>Heiligabend: geschlossen. 1.+2.Weihnnachtstag und Neujahr ab 15 Uhr ge\u00f6ffnet.<\/p>\n<p>Silvester bis 20:30 Uhr ge\u00f6ffnet.<\/p>\n<p>\u00a0<\/p>\n<p>\u00a0<\/p>\n<p><em><strong><span style=\"color: #ff0000;\"><br \/>(Unser Restaurant Rossini\u00a0 in Boostedt hat keine Verbindung mit gleichnamigen Restaurants in der Umgebung. Wir sind einzigartig.)<\/span><\/strong><\/em><\/p>\n<p>Bahnhofstr. 21, 24598 Boostedt, Mo-So.-15:00 Uhr- <span style=\"color: #ff0000;\"><span style=\"caret-color: #ff0000;\"><b>22:00 Uhr.<\/b><\/span><\/span><\/p>\n<h1 style=\"text-align: center;\"><span style=\"color: #ff0000;\">25 Jahre Rossini (2000-2025)\u00a0<\/span><\/h1>\n<p>Liebe Kunden,<\/p>\n<p style=\"text-align: center;\">Leider m\u00fcssen wir unsere Preise auf Grund der aktuellen Situation erneut anpassen. Bitte beachtet unsere ge\u00e4nderten Preise ab\u00a0<\/p>\n<p>\u00a0 \u00a0 \u00a0 \u00a0 \u00a0 \u00a0 \u00a0 \u00a0 \u00a0 \u00a0 \u00a0 \u00a0<span style=\"background-color: #ff9900;\"> \u00a0 \u00a001.11.2025.<\/span><\/p>\n<p style=\"text-align: center;\">\u00a0Bitte erfragen Sie bei der Bestellung nach dem aktuellen Preis. Vielen Dank.<\/p>\n<p><span style=\"color: #ff0000;\"><strong>Hunde<\/strong>, <span style=\"color: #000000;\">egal ob gro\u00df ob klein,<\/span> sind ab sofort im Haus <strong>nicht mehr erlaubt<\/strong> (Terrasse ist gestattet).<\/span><\/p>\n<p>Wir freuen uns wieder auf Ihren Besuch und hoffen wir k\u00f6nnen viele, sch\u00f6ne und <strong>unbeschwerte Stunden<\/strong> miteinander verbringen.<\/p>\n<p>Euer Rossini-Team<\/p>\n<h1 style=\"text-align: center;\"><span style=\"color: #ff0000;\"><strong>Vielen Dank f\u00fcr Ihr Verst\u00e4ndnis.<\/strong><\/span><\/h1>\n<h1>Lieferannahme:<\/h1>\n<h2>Montag bis Sonntag (innerhalb Boostedt) 17:00 bis <span style=\"color: #ff0000;\">20:45 in <\/span><span style=\"color: #ff0000;\">Uhr <\/span><span style=\"color: #ff0000;\">Mindestbestellwert f\u00fcr Boostedt 10\u20ac.<\/span><\/h2>\n<h2><span style=\"color: #ff0000;\">Bei einem Bestellwert <span style=\"color: #000000;\">von 10-20\u20ac<\/span> in Boostedt berechnen wir <span style=\"background-color: #000000;\">2\u20ac Fahrgeld<\/span> und <span style=\"color: #000000;\">ab<\/span> einem Bestellwert von <span style=\"color: #000000;\">20\u20ac<\/span> berechnen wir <span style=\"background-color: #000000;\">1\u20ac Fahrgeld<\/span> extra.<br \/><\/span><\/h2>\n<h2>Montag bis Sonntag (au\u00dferhalb Boostedt) 17:00 bis <span style=\"color: #ff0000;\">20:45 <\/span>Uhr Mindestbestellwerte und Lieferpreise:<\/h2>\n<p>Willinggrade 50\u20ac und Fahrpreis 5\u20ac<\/p>\n<p>Gro\u00df Kummerfeld 50\u20ac und Fahrpreis 5\u20ac<\/p>\n<p>Heidm\u00fchlen 45\u20ac und Fahrpreis 5\u20ac<\/p>\n<p>Kl. Kummerfeld 35\u20acund Fahrpreis 5\u20ac<\/p>\n<p>Latendorf 35\u20ac und Fahrpreis 4\u20ac<\/p>\n<p>Gro\u00dfenaspe 30\u20ac und Fahrpreis 4\u20ac<\/p>\n<p>\u00a0<\/p>\n<p>Braak-Siedlung 35\u20ac und Fahrpreis 5\u20ac<\/p>\n<p>Gadeland 40\u20ac Fahrpreis 4\u20ac<\/p>\n<h3>Rossini-Platte<\/h3>\n<p>2 Personen \u00a0 \u00a0 \u00a0 \u00a0 \u00a0 \u00a0 \u00a0 \u00a0 \u00a0 \u00a0 \u00a0 \u00a0 \u00a0 \u00a0 \u00a0 \u00a0 \u00a0 \u00a0 \u00a0 \u00a0 \u00a0 \u00a0 \u00a0 \u00a0 \u00a0 \u00a0 \u00a0 \u00a0 \u00a0 \u00a0 \u00a0 \u00a0 55,90\u20ac<\/p>\n\n\n<figure class=\"wp-block-gallery has-nested-images columns-default is-cropped wp-block-gallery-1 is-layout-flex\">\n<figure class=\"wp-block-image size-large\"><img decoding=\"async\" loading=\"lazy\" width=\"1024\" height=\"768\" data-id=\"601\"  src=\"http:\/\/rossini-boostedt.de\/wp-content\/uploads\/2022\/06\/5BFC0ADB-616E-4FD9-97EA-8EF7FFE4E574-1024x768.jpeg\" alt=\"\" class=\"wp-image-601\" srcset=\"https:\/\/rossini-boostedt.de\/wp-content\/uploads\/2022\/06\/5BFC0ADB-616E-4FD9-97EA-8EF7FFE4E574-1024x768.jpeg 1024w, https:\/\/rossini-boostedt.de\/wp-content\/uploads\/2022\/06\/5BFC0ADB-616E-4FD9-97EA-8EF7FFE4E574-300x225.jpeg 300w, https:\/\/rossini-boostedt.de\/wp-content\/uploads\/2022\/06\/5BFC0ADB-616E-4FD9-97EA-8EF7FFE4E574-768x576.jpeg 768w, https:\/\/rossini-boostedt.de\/wp-content\/uploads\/2022\/06\/5BFC0ADB-616E-4FD9-97EA-8EF7FFE4E574-1536x1152.jpeg 1536w, https:\/\/rossini-boostedt.de\/wp-content\/uploads\/2022\/06\/5BFC0ADB-616E-4FD9-97EA-8EF7FFE4E574-2048x1536.jpeg 2048w, https:\/\/rossini-boostedt.de\/wp-content\/uploads\/2022\/06\/5BFC0ADB-616E-4FD9-97EA-8EF7FFE4E574-400x300.jpeg 400w\" sizes=\"(max-width: 1024px) 100vw, 1024px\" \/><figcaption class=\"wp-element-caption\">Unsere Terrasse im neuem Look l\u00e4dt euch ein gem\u00fctlich in der Sonne zu Speisen.<\/figcaption><\/figure>\n<\/figure>\n","protected":false},"excerpt":{"rendered":"<p>Tel. (04393) 972277,9797718+9797717 \u00a0Mobil: 0163-845 3617 Ge\u00e4nderte \u00d6ffnungszeiten f\u00fcr die Feiertage 2025 Heiligabend: geschlossen. 1.+2.Weihnnachtstag und Neujahr ab 15 Uhr ge\u00f6ffnet. Silvester bis 20:30 Uhr ge\u00f6ffnet. \u00a0 \u00a0 (Unser Restaurant Rossini\u00a0 in Boostedt hat keine Verbindung mit gleichnamigen Restaurants in der Umgebung. Wir sind einzigartig.) Bahnhofstr. 21, 24598 Boostedt, Mo-So.-15:00 Uhr- 22:00 Uhr. 25 Jahre&#8230; <\/p>\n<div class=\"link-more\"><a href=\"https:\/\/rossini-boostedt.de\/\">Read More<\/a><\/div>\n","protected":false},"author":1,"featured_media":0,"parent":0,"menu_order":0,"comment_status":"closed","ping_status":"closed","template":"","meta":[],"_links":{"self":[{"href":"https:\/\/rossini-boostedt.de\/index.php?rest_route=\/wp\/v2\/pages\/4"}],"collection":[{"href":"https:\/\/rossini-boostedt.de\/index.php?rest_route=\/wp\/v2\/pages"}],"about":[{"href":"https:\/\/rossini-boostedt.de\/index.php?rest_route=\/wp\/v2\/types\/page"}],"author":[{"embeddable":true,"href":"https:\/\/rossini-boostedt.de\/index.php?rest_route=\/wp\/v2\/users\/1"}],"replies":[{"embeddable":true,"href":"https:\/\/rossini-boostedt.de\/index.php?rest_route=%2Fwp%2Fv2%2Fcomments&post=4"}],"version-history":[{"count":69,"href":"https:\/\/rossini-boostedt.de\/index.php?rest_route=\/wp\/v2\/pages\/4\/revisions"}],"predecessor-version":[{"id":908,"href":"https:\/\/rossini-boostedt.de\/index.php?rest_route=\/wp\/v2\/pages\/4\/revisions\/908"}],"wp:attachment":[{"href":"https:\/\/rossini-boostedt.de\/index.php?rest_route=%2Fwp%2Fv2%2Fmedia&parent=4"}],"curies":[{"name":"wp","href":"https:\/\/api.w.org\/{rel}","templated":true}]}}